v + 0*z = 4*z + 64. What is the remainder when v is divided by 16?
12
Let y = 451 - 424. Let h = -131 + 184. Calculate the remainder when h is divided by y.
26
What is the remainder when (4 - 155/20)/(-11 + 14161/1292) is divided by ((-3)/(-6))/((-2)/(-28))?
4
Let n(f) = -16 - 118*f + f**2 + 57*f + 61*f. What is the remainder when 15 is divided by n(5)?
6
Let a(f) = -4*f**3 - 6*f**2 - 9*f - 18. Let u be a(-4). Suppose 18*h - u = 182. What is the remainder when 70 is divided by h?
10
Suppose 3*f - 393 = -4*x + x, -665 = -5*x + 5*f. What is the remainder when x is divided by (-4)/(-20)*(370/296)/((-3)/(-324))?
24
Let u(o) = o**3 - o**2 - o - 1. Let b(y) = 7*y**3 - 19*y**2 - 8*y - 22. Let j(n) = -b(n) + 5*u(n). What is the remainder when 87 is divided by j(7)?
11
Suppose -35*t = -43*t + 200. Suppose y = -0*y - 1. Let k(v) = -70*v + 1. What is the remainder when k(y) is divided by t?
21
Suppose 2 = 2*f + m, -2*m - 76 + 68 = f. Calculate the remainder when 1291 is divided by f.
3
Suppose -5*p + 365 = 5*z, -88*z + 84*z - 5*p = -287. Suppose -170 = -6*d + d. What is the remainder when z is divided by d?
10
Let t = 24 + -26. Calculate the remainder when (-3 - -144)/3 - 1 is divided by 17 - (5/(-5) - t).
14
Let w(j) = j**3 + 21*j**2 - j - 18. Let x be w(-21). Suppose x*g + 3 = 15. Calculate the remainder when 40 is divided by g.
0
Let j = 1069 + -1056. Suppose 0 = 6*x - 3*x. Suppose b = x, m = -2*m + 4*b + 123. Calculate the remainder when m is divided by j.
2
Let q(r) = r**3 + 8*r**2 - 9*r + 8. Calculate the remainder when 151 is divided by q(-9).
7
Suppose 30*n = 26*n - 48. Calculate the remainder when ((-90)/n)/((-2)/(-12)) is divided by 53/4 + 2/(-8).
6
Let f = -360 - -364. Suppose 5*h - 733 = 3*u, 5*u + 111 = -f*h + 727. Calculate the remainder when h is divided by 19.
16
Let z = 59 + -59. Suppose z = 2*n - j + 2*j - 90, -2*j = 2*n - 90. Calculate the remainder when n is divided by -10*(40/(-25) + 0).
13
Suppose 2*p = -13*p - 0*p + 2535. Calculate the remainder when 519 is divided by p.
12
Let n(c) = c**3 + 8*c**2 - 12*c + 7. Let a be n(-9). Suppose -3*o = -5*o + 2. Suppose -o = 3*z - a. What is the remainder when 74 is divided by z?
8
Suppose 7*a = 1050 - 931. Let w(j) = j + 7. Let l be w(-3). Suppose b = l*b - 21. Calculate the remainder when a is divided by b.
3
Suppose -36*u + 95 = -19*u - 12*u. Calculate the remainder when 1021 is divided by u.
14
Calculate the remainder when 1*43*7*(2806/46 + -60) is divided by 109.
83
What is the remainder when 14 - 135/10 - 51/6 - -30299 is divided by 102?
99
Let f = -179 - -205. Let r = 88 - f. Calculate the remainder when r is divided by 24.
14
Suppose 153*w - 42890 = 44252 + 13838. What is the remainder when 1996 is divided by w?
16
Let d = -524 + 1001. Let h(p) = -13*p**2 - 211*p + 32. Calculate the remainder when d is divided by h(-16).
77
Suppose -254*w + 49403 + 108763 = 49*w. What is the remainder when w is divided by 89?
77
Let s(o) = 4*o**2 + 134*o + 592. What is the remainder when s(-32) is divided by 190?
20
Let f(p) = p**2 - 31*p + 27. What is the remainder when ((-1)/(3/(-1454)))/(54/81) is divided by f(31)?
25
Calculate the remainder when (-24 + 2839/68)*(4 - 0) is divided by 33.
5
Suppose -24 = -2*l + 34. Let x(y) = -y**3 - 45*y**2 + 9*y + 421. Calculate the remainder when l is divided by x(-45).
13
Suppose -2*m - 262 = -5*g + 946, 5*m = 5*g - 1205. What is the remainder when g is divided by 55?
22
Let n(u) = 11*u**2 + 894*u + 184. Calculate the remainder when n(-83) is divided by 159.
12
Suppose 28*s - 2542 - 19886 = 0. What is the remainder when s is divided by 162?
153
Let b = -371 + 372. Let q(m) = -m**3 - 11*m**2 + 12*m - 1. Let k be q(-12). Calculate the remainder when 29 is divided by (2 + (-2 - b))*15/k.
14
Let n = -526 + 364. Let h = -130 - n. Calculate the remainder when 88 is divided by h.
24
Suppose 7980 = 2*b - 3*a, -7*b - 19967 = -12*b - a. What is the remainder when b is divided by 9?
6
Suppose 4*n = -6 - 2, -2*z - 5*n + 624 = 0. Suppose -18*x + 619 = -z. Calculate the remainder when x is divided by 20.
12
Let x(r) = -20*r - 48. Let z = 284 + -293. Suppose -4*b = 25 - 133. Calculate the remainder when x(z) is divided by b.
24
Calculate the remainder when 1675 is divided by 210/((-12)/(-54) - (4 - (-104)/(-18))).
100
Let m(o) = 3*o + 54. Let x be m(-17). Suppose -3*p - d - 32 = -110, -x*p = -3*d - 66. What is the remainder when 44 is divided by p?
19
Let n be (-228)/(-72) - 5/30. Let j(x) = 13*x**2 - 15*x + 57. What is the remainder when j(n) is divided by 66?
63
Let d(n) = -324*n - 1292. What is the remainder when 778 is divided by d(-4)?
2
What is the remainder when 5686 is divided by 180/330 + 2475/121?
16
Suppose -3*j = -2*k + 89, j - 3*j = 4*k - 186. Calculate the remainder when (1 - 1/2)/((-11)/(-1958)) is divided by k.
43
Let m(l) = 608*l - 321. Calculate the remainder when 1097 is divided by m(1).
236
Let b(j) = -4*j**2 - 114*j + 77. What is the remainder when b(-28) is divided by 112?
21
Suppose 0 = -305*b + 14235 + 18095. Calculate the remainder when b is divided by 0 + -6*-3*1.
16
What is the remainder when 732 is divided by (1462/258)/((-1)/(-42))?
18
Suppose -13 = 14*h - 69. Suppose 0 = -u + 2*t + 20, -2*u - h*t + 30 = u. Calculate the remainder when 80 is divided by u.
10
Let u = 308 - 306. Suppose 4*t + d = 3*t + 171, -u*t + 5*d = -314. Calculate the remainder when t is divided by 12.
11
Let k = 6847 - -3656. Calculate the remainder when k is divided by 101.
100
Suppose -3 = 3*o, -8*o + 10*o - 1462 = -4*m. Calculate the remainder when m is divided by 57.
24
Suppose -3*l + 30 = -9*l. Let z(t) = 15*t**2 - 7*t + 12. What is the remainder when z(l) is divided by 47?
46
What is the remainder when 368 is divided by -5*1/3 + (9550/(-75))/(-2)?
58
Suppose 2*q - 3*r = 900, -127*q = -130*q + 3*r + 1344. Calculate the remainder when q is divided by 220.
4
Let w(x) = 23*x**2 + 3*x + 4. Let p = -155 + 154. Calculate the remainder when w(p) is divided by 22.
2
Suppose -a = 12 - 12. Suppose a = 12*t + 1199 - 179. Let q = t + 105. What is the remainder when 96 is divided by q?
16
Let q = 8385 + -8271. Calculate the remainder when 486 is divided by q.
30
Suppose -14*i - 20123 = -73*i - 771. What is the remainder when 339 is divided by i?
11
What is the remainder when -2 + -1 + 34/8 - 50865/(-60) is divided by 88?
57
What is the remainder when 11244 is divided by (-2662)/(-9) + 12*6/324?
292
Let t(j) = -j**2 + 7*j + 3. Suppose -4*s - 5*g = -139, 0 = -s + g - 4*g + 26. Let n = s + -35. What is the remainder when 35 is divided by t(n)?
8
Calculate the remainder when 212 is divided by 2415/(-5635) - (1 - (-241)/(-7)).
14
Suppose -45 = -45*t + 36*t. Calculate the remainder when 4 - (-115)/(-10)*-2 is divided by t.
2
Let i(b) = 235*b. Let n be i(-2). Let y = 90 + n. Calculate the remainder when (-10)/(-15) + y/(-15) is divided by 14.
12
Suppose -13 = -j + 5. What is the remainder when (j + -6 + 93)/(6/4) is divided by 20?
10
Let d = 219 - 363. Let j = d - -304. Calculate the remainder when j is divided by 18.
16
Let a be -5 + 12/30*55. Suppose 2*n = 4*n. Suppose -a*y - 28 + 266 = n. Calculate the remainder when 66 is divided by y.
10
Suppose -92 = -3*b - 80. Calculate the remainder when 13744/64 - (-1)/b is divided by 27.
26
Suppose -48*c + 44*c = 3*h - 111, 0 = -6*h + 6. Let v(b) = b**3 + 9*b**2 - 12*b - 22. What is the remainder when v(-9) is divided by c?
5
Let r(w) = 34 + 2*w**3 - 49*w + 82*w + 18*w**2 - w**3. Suppose 2*o - 68 = 2*t, -t = -8*o + 3*o + 174. What is the remainder when o is divided by r(-16)?
17
Suppose n = -157 + 148. What is the remainder when ((-729)/6)/n*14 is divided by 24?
21
Suppose 0 = p - 4*f - 1096, -2738 = -6*p + f + 3769. Calculate the remainder when p is divided by 36.
4
Suppose 91*j + 477 = 124*j - 579. Calculate the remainder when 117 is divided by j.
21
Suppose -3*u + 4*a + 202 = 0, 0 = -5*a + 21 + 4. Let b = u - -73. What is the remainder when b is divided by 30?
27
Suppose -130*z + 952 = 108*z. Let f(j) = -3 + 2 + 0 + 16*j**2. Calculate the remainder when f(1) is divided by z.
3
Suppose -4505 = -12*h + 791 + 1880. What is the remainder when h is divided by 47?
34
Suppose -80*k + 16477 = 25*k + 4927. Calculate the remainder when k is divided by 